 10 = 23. Calculate the greatest common divisor of d and b.
11
Let m be 3*190/12*(-28)/10. Let c = m - -143. Calculate the highest common divisor of c and 20.
10
Let i = -1 - -4. Suppose 5*n - f + 4*f = 822, i*n = f + 496. Calculate the highest common factor of 15 and n.
15
Let x(h) = h**2 - h - 44. Let j be x(0). Let g = j + 53. What is the greatest common divisor of 3 and g?
3
Let h = -410 - -439. What is the greatest common divisor of h and 290?
29
Let p(w) be the third derivative of w**5/60 + w**4/12 - 2*w**3/3 - 7*w**2. Let v be p(-5). Calculate the greatest common divisor of v and 11.
11
Let p be (12/10)/(2/(-10)). Let i(m) be the third derivative of -m**4/4 - m**3/6 + 76*m**2. Let u be i(p). Calculate the greatest common divisor of 7 and u.
7
Let y be 3/4 + (-798)/(-56). What is the highest common factor of 1065 and y?
15
Suppose 5*t - 2*w - 100 = 4*t, 4*t = -5*w + 413. What is the highest common factor of 459 and t?
51
Suppose 17 - 21 = -j. Suppose j*r + 5*y - y - 844 = 0, -3*r + 629 = y. Calculate the highest common divisor of 19 and r.
19
Let f = 47 - 23. Let v = 2013 - 1989. Calculate the greatest common divisor of f and v.
24
Suppose -8*o + 4*o = -28. Let u(m) = m + 9. Let q be u(o). Calculate the greatest common factor of q and 80.
16
Let j be (-15 - -11)/((-1)/1). Let l = 122 + -58. Suppose -2*v - 63 = -w, 2*w - l = -j*v + 70. Calculate the highest common divisor of 13 and w.
13
Suppose 5*a = 5*z + 10, -z = z - 4. Let v be 1/((-8)/a)*-88. Let k = -15 + 19. Calculate the highest common divisor of v and k.
4
Let q(t) = 2*t - 15. Let h be q(9). Let i(v) = -v + 7. Suppose -41 = -7*f - 6. Let g be i(f). Calculate the highest common factor of h and g.
1
Let n(l) = 19*l**2 + 3*l - 2. Let y be n(1). Let h be y + 2/((-6)/3)*2. Calculate the highest common factor of 180 and h.
18
Let n(r) = -r**2 - 12*r - 15. Let k be n(-10). Suppose c = k*c - 52. Let b be c + 2/4*0. Calculate the greatest common factor of 65 and b.
13
Let z(t) = t**3 + 6*t**2 + 2*t + 12. Let r be z(-6). Suppose 3*h + 2*h - 10 = r. What is the greatest common factor of 16 and h?
2
Suppose 37*n - 38*n - 208 = 0. Let u be 115/8 + 78/n. Let i be 21/2*4/3. Calculate the greatest common factor of i and u.
14
Let b(s) = s**3 - 18*s**2 - 62*s - 16. Let y be b(21). Let u = -5 + -9. Let t = 29 + u. Calculate the greatest common divisor of t and y.
5
Let c(o) = o**3 + 26*o**2 + o + 47. Let n(h) = -2*h**3 + 4*h**2 - 3*h + 1. Let t be n(3). Let b be c(t). What is the greatest common factor of 21 and b?
21
Let b(s) = -34*s - 96. Let o be b(-3). What is the highest common factor of o and 249?
3
Let v(l) = -l**3 - 7*l**2 + 6*l - 16. Let r be v(-8). Suppose -2*i - 3*z = -0*i - 72, -i + 3*z + 45 = r. Calculate the greatest common factor of i and 429.
39
Let j(x) = x**3 - 12*x**2 - 3*x - 10. Let a be j(12). Let g = a + 76. Let q be -1*8/52 - 80/(-13). What is the greatest common divisor of g and q?
6
Let g(l) = l - 3. Let p be g(8). Calculate the greatest common divisor of p and 140.
5
Suppose 0 = -2*g, 5*u + 10 = 5*g - 2*g. Let t(v) = -10*v. Let b be t(u). What is the greatest common factor of b and 50?
10
Let r = -210 + 626. What is the highest common divisor of r and 13?
13
Let t(c) = 2*c**3 + 4*c**2 - 5*c - 5. Let k be t(3). What is the greatest common divisor of k and 490?
70
Let n be 3 + 2 - (10 - 7). Suppose -970 + 270 = -n*b. Calculate the highest common factor of b and 35.
35
Suppose 5*k - 5*z + 10 = 0, 0 = -3*z + z + 2. Let n be ((18/8)/k)/((-4)/304). What is the greatest common factor of 19 and n?
19
Let l(a) = 19*a + 5. Let f be l(5). Calculate the greatest common divisor of 40 and f.
20
Let n(z) = -6*z + 4 + 111*z - 7 - 6*z. Let m be n(1). What is the greatest common factor of 64 and m?
32
Suppose 4*m + 58 = x, -3*m - x = 3*x + 34. Let z = m - -14. Suppose -5*h + z*v + 104 = v, -v = -4. Calculate the highest common divisor of h and 10.
10
Let f(d) = d**3 + 12*d**2 + 10*d - 9. Let v be f(-11). Suppose v*u = -3 + 19. Suppose 3*h - h - u = 0. Calculate the highest common factor of 1 and h.
1
Let x(w) = 68*w**2 - 14*w - 18. Let b be x(-3). Calculate the greatest common divisor of 12 and b.
12
Let d(x) = -x**2 - 18*x - 2. Let v be d(-12). Suppose -180 = -5*f + v. What is the greatest common factor of 10 and f?
10
Let g(x) = -x + 6. Let q be g(-6). Suppose -6*u + 17 = -1. Suppose -2*s + 4*f + 10 + 10 = 0, u*f - 63 = -5*s. Calculate the highest common factor of s and q.
12
Suppose 0 = 2*f - 10, -2*n - 8*f + 4845 = -11*f. What is the highest common factor of 30 and n?
30
Suppose -5*l + 10*l + 4*q - 3647 = 0, -l + q = -733. What is the greatest common divisor of l and 43?
43
Let l be -216*((-6)/(-7))/(126/(-392)). What is the greatest common divisor of l and 36?
36
Suppose 0 = -2*u - 3*f - 2, -f = 4*u + 10 - 26. Let x be 654/33 - (-3 - 93/(-33)). Calculate the highest common divisor of u and x.
5
Let a be (-1 - 1)*(-45)/10. Suppose -d = -4*d - 90. Let p = d + 57. Calculate the greatest common factor of p and a.
9
Suppose -424 = -3*t - t. Let i(q) = -7*q + 15. Let h be i(-7). Let c = t - h. What is the greatest common divisor of c and 63?
21
Suppose -9*q + 2222 + 28 = 0. Calculate the highest common divisor of q and 200.
50
Suppose -2*r - 4 = -2*a, 3*a = 218*r - 214*r + 3. Let l(m) = m**2 + m + 33. Let w be l(0). What is the highest common divisor of w and r?
3
Suppose 4*t - 48 = 28. What is the highest common divisor of t and 76?
19
Let o be (-6 + 8)/(2/5). Suppose -o*s + 174 = -6. Calculate the greatest common factor of 4 and s.
4
Suppose -5*a = -12*l + 9*l + 356, -l + 2*a + 119 = 0. What is the greatest common divisor of l and 39?
39
Let p(q) = -q**3 - 9*q**2 - 18*q - 46. Let n be p(-8). What is the highest common divisor of 782 and n?
34
Let u be (-2)/(-4) - 47113/(-22). What is the highest common factor of 6 and u?
6
Suppose 7*p - 714 = p. Calculate the highest common factor of p and 51.
17
Let i be (-98)/(-8) + (-181)/724. Calculate the highest common factor of i and 148.
4
Let n = -679 + 702. What is the highest common divisor of n and 7?
1
Let r = 70 - 46. Let j = r - -6. Let i be 635/j - (-3)/(-18). What is the highest common factor of i and 84?
21
Suppose 2483*q = 2487*q - 104. Calculate the greatest common divisor of 663 and q.
13
Suppose 207*g - 203*g = 32. What is the highest common divisor of g and 216?
8
Let c be (-2)/(-2) + (10 - 5 - 31). Let i = c + 95. Calculate the greatest common divisor of i and 14.
14
Suppose 0*k - 99 = -k. Suppose 3*a + 2*r = 33, -3*a + 39 = -5*r + 6. Calculate the highest common factor of k and a.
11
Suppose 6*o = 3*o. Suppose -z = 0, -3*z - 459 = -3*a - o*z. Suppose -53*k = -49*k - 68. Calculate the greatest common factor of k and a.
17
Let r = 3 - 1. Let h(i) = 12 + i - r*i + 15. Let x be h(13). What is the greatest common factor of 21 and x?
7
Let v = 29 + -49. Let s = v - -26. Let r = s - -9. Calculate the greatest common divisor of 5 and r.
5
Suppose -3*g + 304 = 4*k, 2*k + 4*g + 91 - 233 = 0. Suppose 5*o - k = -w + 31, 3*o = 2*w + 53. What is the highest common factor of 42 and o?
21
Let z = 244 - 232. Calculate the greatest common divisor of 204 and z.
12
Let n(f) = 81*f**2 - f + 12. Let g be n(3). What is the highest common divisor of 18 and g?
18
Suppose 17 = -2*c - 29. Let a = -13 - c. Calculate the highest common factor of a and 70.
10
Let f = -68 + 78. Suppose -5*b = 2*t - 0*b + 15, -3*t = 5*b + f. What is the highest common factor of t and 10?
5
Let m = 1 + 1. Suppose r - 5 = 0, -m*i + r + 10 = 3*i. Suppose 0 = d - 12 - i. What is the highest common divisor of 135 and d?
15
Let m = -287 - -365. Calculate the greatest common factor of m and 39.
39
Let c(j) be the second derivative of j**3/6 + j**2/2 + 8*j. Let d be c(-3). Let t be 36 + (d + 14)/(-3). What is the greatest common divisor of 288 and t?
32
Let o(w) = 2*w**2 + 14*w + 93. Let p be o(-7). What is the greatest common divisor of 434 and p?
31
Suppose b + 161 = 522. Calculate the greatest common divisor of 38 and b.
19
Let s be 331/9 + 6/27. Suppose 334 - s = 3*n. Let v be 2/5 - 583/(-55). What is the highest common factor of n and v?
11
Let l = 747 - 736. Calculate the greatest common divisor of 8 and l.
1
Let z(r) = -7 - 4*r + 22 - r - 3. Let f be z(-2). Calculate the hig